o(y) = 2*y + 744*y**2 + 741*y**2 - 1484*y**2 - 3. Determine o(-5).
12
Let n(g) = 3*g**3 + 24*g**2 - 2*g - 5. Let h(q) = -4*q**3 - 26*q**2 + 2*q + 4. Let k(p) = 4*h(p) + 5*n(p). Determine k(16).
-41
Suppose -2 = -2*g + 4. Suppose -u + 2*z - z = 9, -g*u = z + 19. Let y(o) = -o**2 - 8*o - 7. What is y(u)?
0
Let m(q) = -2*q - 6. Suppose 0 = -3*s + 6*s - 18. Let t(z) be the first derivative of -2*z**2 - 13*z - 11. Let i(l) = s*t(l) - 13*m(l). Calculate i(6).
12
Let s(c) = -317 - 5*c + 158 + 159. What is s(-3)?
15
Let a be -3 - 5/(-20) - (-2)/(-8). Let q = a - -1. Let h(i) be the second derivative of -3*i**5/20 - i**4/12 + i**3/2 + i**2 - 4*i. Calculate h(q).
16
Suppose 0 = d - f + 9 - 1, d + 3*f = -16. Let b = 4 + d. Let x(t) = 1 - 2 + 10 + t. Give x(b).
3
Let i(f) = 4*f - 5*f**2 + 2 + f**3 + 1 + 0*f**3. Suppose g + g - 34 = -2*k, 3*g = 12. Suppose 2*x - 1 = -4*m + 5*x, 0 = -2*m - x + k. Give i(m).
3
Let d(x) = -2*x**2 + 11*x + 8. Let f be d(6). Let g(z) = -z**3 - 2*z**2 - 1. What is g(f)?
-17
Suppose 4*c - 40 = -4*q, 4*c = q + 9 + 6. Let i(o) = -4 - 3*o + o**2 - c*o**2 + o**3 + 4*o. Let s be 1 + (1 + -3)*-1. Calculate i(s).
-10
Suppose 0 = 2*b + 3*u + 17, 0 = -5*b + 2*b - 2*u - 13. Let a be 3 + 5 + -4 + b. Let m(k) = -k - 5*k - a*k + k**2. Calculate m(9).
0
Let n(f) = 4*f + 4*f - 3*f - 3*f - 1. Let j(p) = 3*p**2 + 2*p**2 + 4 - 6*p**2 - 6*p. Let z be j(-6). Determine n(z).
7
Let t = 13 + -8. Suppose t*r + 4 = -1. Let u(m) = -8*m**2 - 2*m - 1. Give u(r).
-7
Suppose -49*m + 14 = -24*m - 23*m. Let j(o) = -5 + 4 + 8*o**2 - o**3 - 8 - 7*o. Give j(m).
-9
Let p be (-12)/9 + (-40)/(-12). Let w(b) = -2*b**3 + 3*b**2 - b. Determine w(p).
-6
Let y(c) = -22*c**3 - 7*c**2 + 27*c + 14. Let s(k) = -5*k**3 - 2*k**2 + 7*k + 4. Let m(f) = 9*s(f) - 2*y(f). Determine m(-6).
26
Let u(b) be the first derivative of -b**6/72 + b**5/60 + b**4/24 + b**3/3 - 1. Let y(p) be the third derivative of u(p). Let g = -1790 + 1789. Calculate y(g).
-6
Let d(b) = b + 1. Let o(v) = 4*v**2 + 2. Let j(n) = -d(n) - o(n). Let h(f) = -9*f**2 - 2*f - 6. Let w = 1 - 4. Let x(y) = w*h(y) + 7*j(y). Give x(-3).
-9
Let i(r) be the second derivative of -r**5/60 - 11*r**4/24 + 5*r**3/6 - 4*r. Let u(w) be the second derivative of i(w). Calculate u(-8).
5
Let u(o) = -3*o + 6*o - 9*o + o - 28. Give u(-7).
7
Let b(g) be the first derivative of -5*g**3 - g**2 - g + 14. Calculate b(-1).
-14
Suppose 4 = -2*y - 5*r + 8, 2*r = 4*y - 32. Let t(n) = -8*n + 56. Determine t(y).
0
Suppose 0 = 5*l + 25, -4*i - 3*l = -l - 14. Let p(v) be the first derivative of -v**3/3 + 2*v**2 + 5*v + 4. Determine p(i).
-7
Let r(q) = -q**2 + q - 28. Let i(f) = -f**3 + 22*f**2 - 110*f - 28. Let h be i(14). What is r(h)?
-28
Suppose -52 = -8*z - 4. Let b(n) = 5*n - 8. What is b(z)?
22
Let f(h) = h**2 - 7*h + 5. Suppose -5*s = -4*x + 40, 3*x + 3*s = -s - 1. Determine f(x).
-5
Let a(r) = 2*r**2 + 15*r + 16. Let h be a(-1). Let x(m) = 3*m - 3. Let p(s) = -s + 1. Let n(d) = -17*p(d) - 6*x(d). Calculate n(h).
-2
Let d be ((-4)/6)/(3/9). Let s(b) = -27 - 26 - 5*b + 54. Determine s(d).
11
Let u(y) = 5*y**2 - 6 + y + 1 + 3 + 4. Give u(2).
24
Suppose -8*v + 2*s - 32 = -3*v, -5*v - 35 = -5*s. Let t(r) = r**2 + 8*r + 1. Let k(f) = 1. Let y(j) = -6*k(j) - t(j). Calculate y(v).
5
Let s(f) = -7*f**2 - 15*f - 16. Let z(v) = v**2 + 2*v + 2. Let i(c) = s(c) + 6*z(c). Give i(-4).
-8
Let y(r) = -22*r + 593. Let w be y(27). Let o(c) = -4*c. Calculate o(w).
4
Let v(w) be the third derivative of w**6/120 + 7*w**5/60 + w**4/6 - 2*w**3/3 + 76*w**2. Calculate v(-6).
8
Let x = 125 + -123. Let y(b) be the second derivative of -b**6/360 + b**5/40 - b**4/12 - 4*b. Let j(d) be the third derivative of y(d). Calculate j(x).
-1
Let h(f) be the second derivative of -f**5/60 - f**4/4 + f**3/2 - 6*f**2 - 37*f. Let v(o) be the first derivative of h(o). What is v(-5)?
8
Let p(z) be the first derivative of -2*z**2 - 8*z + 287. What is p(5)?
-28
Let m = -161 - -242. Let h(d) = -1 + 3 - d**3 + m*d**2 + d - 85*d**2. What is h(-4)?
-2
Let b(l) = 11*l**3 - 7*l**2 - 5*l - 8. Let p(g) = 5*g**3 - 3*g**2 - 2*g - 4. Suppose 6 + 24 = -5*t. Let j(s) = t*b(s) + 13*p(s). What is j(4)?
-4
Let r(w) be the third derivative of -w**6/120 + w**5/60 + w**3/6 + 3*w**2. Let o(c) = -c**3 - 2*c**2 - 7*c + 8. Let d(t) = -o(t) + 2*r(t). Calculate d(5).
4
Let k(t) = 3*t + 8. Let v(r) = -5*r**2 - 4*r - 3. Let s be v(-2). Let x = -12 - s. Let j(u) = -2*u - 8. Let w(l) = x*k(l) + 4*j(l). Determine w(6).
-2
Let i be -1 + 4 + -4 + 3. Let o be i/7 - (-44)/(-7). Let c(z) = -z + 2. Calculate c(o).
8
Let u(m) = m**2 - 3*m - 5. Let t = 8 + -4. Let v be u(t). Let n(l) = -3*l**3 - l**2 - 2*l + 1. Let h(z) = z**3 - z. Let s(j) = 3*h(j) - n(j). Calculate s(v).
-5
Let n(i) = i**2 + 5*i - 4. Let u = -19 - -27. Let f = -6 + u. Suppose 2*c - 4*h + 6 = 0, f*h = -5*c - 0*h - 27. Determine n(c).
-4
Let g(t) be the first derivative of -t**3/3 - 2*t**2 + t + 7. Let c(m) = m**3 - 7*m**2 - 9*m + 5. Let p be c(8). Let i be 4*p/6 - 1. What is g(i)?
4
Let l = 187 - 262. Let k = l + 71. Let n(z) = -z**3 - 5*z**2 - 7*z - 5. What is n(k)?
7
Let c(t) = 8*t**2 + 3*t - 8. Let h(p) = 3*p**2 + p - 3. Let n(b) = 4*c(b) - 11*h(b). What is n(0)?
1
Let b(l) = l**2 - 6*l - 7. Let g be b(8). Let p(d) be the first derivative of -3*d**2/2 + 13*d - 43. Determine p(g).
-14
Let x(l) = l**2 + 3*l - 1. Suppose 3 - 27 = -2*p. Let b be (p/30)/(1/(-5)). Calculate x(b).
-3
Suppose 5*o + 17 = -2*k, -4*k + 2*o + 9 = -17. Let x(g) = -g**2 + 1. What is x(k)?
-15
Let h(i) = -i**3 + i**2 + 3*i - 2. Let x(t) = 2*t**2 - 22*t + 22. Suppose -4*u = 24 - 64. Let y be x(u). Give h(y).
0
Let h(g) = -5*g**3 + g**2 - 5*g + 2. Let s(n) = -14*n**3 + 4*n**2 - 14*n + 5. Let a(t) = 11*h(t) - 4*s(t). Let p be 4*(-3)/24 - 27/(-6). Give a(p).
-10
Let o(b) = -4*b - 1. Suppose 2*l = -0*l + 8. Suppose 2*x = -3*h + 11, 2*x - 1 = l*h + 31. Let c = x - 12. Give o(c).
7
Let k be 6/84*-4 - (-4)/14. Let v(m) = -m**2 + m - 14. Give v(k).
-14
Let i(r) be the second derivative of 1/20*r**5 + 0 - 1/2*r**4 + 16*r - r**2 - r**3. Determine i(7).
5
Let t(f) = 3*f - 4*f + 5665 - 5670. What is t(0)?
-5
Let q(c) = -c**2 - 5*c + 1. Let y be (-2)/(-8) + (-45)/(-12). Suppose 5*m = -y*x - 9, 2*x - 4*m = 9 + 19. Suppose -x*i + 25 = -9*i. Calculate q(i).
1
Let t(w) = -w**3 - 3*w**2 - 10*w + 10. Let x(l) = -6*l**3 - 16*l**2 - 54*l + 51. Let v(r) = 11*t(r) - 2*x(r). Calculate v(0).
8
Suppose -3*y - y + 12 = 0. Suppose 0 = 3*h + b + 6, -3 = y*h + 2*b - 0*b. Let l be (h - -3) + -1 + -4. Let d(x) = -2*x - 6. Determine d(l).
4
Let j(n) = -3*n + 5. Let o = 4 + -1. Let d be (o/2)/((-12)/(-16)). Suppose -3*r + 8*r - 12 = d*s, 2*s - 24 = -4*r. Determine j(s).
-7
Let z = -6 - -4. Let v(c) = 8*c**3 - 10*c**2 + c + 22. Let s(f) = -2*f**3 + 3*f**2 - 6. Let y(g) = -7*s(g) - 2*v(g). What is y(z)?
14
Let p(v) be the second derivative of v**3/6 - v**2 + 2*v + 132. Let a = 7 - 11. What is p(a)?
-6
Let d(r) = r**2 - 16*r - 47. Let c be d(19). Let y(o) = c + 11 - 30 + o + 17. Determine y(-6).
2
Let x(j) = -45 - j**2 + 30 + 20 - 2*j. Determine x(-5).
-10
Let p(x) = x**2 + 5*x + 3. Let r be p(-1). Let b = 2 + 2. Let s(u) = -b*u**3 + 4*u**3 - u + 10*u**3. What is s(r)?
-9
Let f(w) = 2*w**3 + 5*w**2 + 9*w - 6. Let r = -26 - -10. Let h = r - -24. Let t(a) = -5*a**3 - 14*a**2 - 26*a + 18. Let g(s) = h*f(s) + 3*t(s). What is g(4)?
14
Let k = 102 - 102. Let m(i) = 2*i - 6. Let l be m(5). Suppose 2*n - 2*a = -k*a - l, 4*n - 2*a + 14 = 0. Let v(j) = j**3 + 6*j**2 + 6*j - 2. Calculate v(n).
-7
Let t(f) = -15*f - 355 + 744 - 373 + f**2. Determine t(15).
16
Let d(s) = -45*s - 46*s + 38 + 85*s. What is d(7)?
-4
Let v(b) = 2*b**2 - 20 + 26 - b**2 + 0*b**2 - 6*b. Let a = -7 - -13. Let f be 3/a*5*2. Determine v(f).
1
Let n(m) be the first derivative of m**3/3 + 7*m**2/2 + 9*m - 29. Let r be -3 - -6 - -1 - 10. Determine n(r).
3
Let w(t) = 6*t**3 - 25*t**2 + 46*t + 40. Let v(s) = s**3 - 5*s**2 + 9*s + 8. Let k(n) = -11*v(n) + 2*w(n). Let l = 4 - 1. Let h = -3 - l. What is k(h)?
-2
Let c(f) = 4*f**2 - 2*f - 2. Let v be c(-1). Let h(y) = -v + 5 + y + 0 - 8*y**3. Determine h(-1).
8
Let n(b) = 3*b**2 - b - 3. Let l be n(-2). Let r(p) = -p - l*p - 8*p + p. Calculate r(-1).
19
Let z(i) = -3*i**3 - 4*i**2 - 11*i - 9. Let q(p) = 4*p**3 + 3*